 91 + 118 = 0, -3*v - 121 = -5*p. Let i(q) = 35*q - 2. Calculate the remainder when i(2) is divided by p.
22
Let m = 0 - -12. Let d be (2/(-3))/((-2)/m). Suppose 1 + d = -l + 2*x, 2*l - 3*x + 7 = 0. What is the remainder when 3 is divided by l?
0
Let o = -161 - -186. Let y = 167 - 45. Calculate the remainder when y is divided by o.
22
Let t(q) = 10*q - 62. Let w(a) = 5*a - 31. Let x(z) = 3*t(z) - 5*w(z). What is the remainder when x(10) is divided by 7?
5
Suppose -219 + 20 = -a - 2*c, 3*c = -4*a + 781. Calculate the remainder when a is divided by 39.
37
Let t be ((-4)/8)/(4/(-40)). Suppose 0*c - z + 56 = 2*c, 4*c - 100 = -t*z. Calculate the remainder when c is divided by 16.
14
Suppose 2*j - 3 = 5. Let u(w) = -w**2 - 6*w + 4. Let x be u(-6). Let b = j + x. Calculate the remainder when 29 is divided by b.
5
Let y(t) = 66*t + 1. Suppose 4*x - 24 = -4. Suppose -4*c - h + 5 = -68, 3*c = x*h + 26. Calculate the remainder when y(1) is divided by c.
16
Let j(y) = -y**3 + 11*y**2 + y + 32. What is the remainder when j(8) is divided by 59?
55
Let u(h) = -h**3 - 6*h**2 - 7*h + 7. Let g be u(-5). Suppose 0 = -2*q + 37 - g. Let y = 15 - q. Calculate the remainder when 12 is divided by y.
2
Let r = 3 - 5. What is the remainder when 37 is divided by r/1 - (0 - -1 - 16)?
11
What is the remainder when 117 is divided by -1*59/(7/(-7))?
58
Let c = -7715 + 7755. Let b = -290 - -449. Calculate the remainder when b is divided by c.
39
Suppose 35 = 5*c - 3*o, 2*o + 27 = 4*c + 1. Suppose 5 = -b, c*y = -2*b + 192 + 126. What is the remainder when y is divided by 21?
19
Let b(k) = -k**3 + 11*k**2 - 10*k - 4. Let d = 15 + -5. Let f be b(d). Calculate the remainder when 29 is divided by (f + 0)/2 - -17.
14
What is the remainder when 338 is divided by 2516/44 + 12/(-66)?
53
Let b(j) = -j**2 - 8*j + 23. Let l be b(-10). Suppose -25 = -5*p, -2*p + 52 = 3*r + l*p. Calculate the remainder when 21 is divided by r.
3
Let m(c) = c - 14. Let q be m(8). Let v(o) = 64*o + 1. Calculate the remainder when v(1) is divided by (-4)/q + (-1408)/(-66).
21
What is the remainder when 89 is divided by (-225)/45 - 7*-3?
9
Suppose 2*j + g - 177 = 0, 197*j - g - 263 = 194*j. What is the remainder when 208 is divided by j?
32
Let f(u) = u**3 - 6*u**2 - 23*u + 33. What is the remainder when f(9) is divided by 36?
33
Suppose 93*d = 96*d - 852. What is the remainder when d is divided by 48?
44
Calculate the remainder when 127 is divided by (-12)/(-3) + ((-9)/(-1) - 4).
1
Suppose y - 230 = -2*m, 5*m - m - 696 = -3*y. Calculate the remainder when y is divided by 40.
36
Let d = 0 - 29. Let x(b) = 2*b**2 - 6*b - 6. Let f be x(7). Let l = d + f. Calculate the remainder when 102 is divided by l.
18
Let f = 736 + -652. What is the remainder when f is divided by 71?
13
Let x = -54 + -21. Let u be x/(-15)*(-42)/(-1). Let f = u + -142. Calculate the remainder when f is divided by 14.
12
Suppose 0 = -q - 4*x - 9, -q - q - 3*x = 3. Suppose q*h - 2*b - 56 = -6*b, 5*b = 3*h - 38. What is the remainder when 62 is divided by h?
14
Suppose -195 - 974 = -7*b. Calculate the remainder when b is divided by 57.
53
Suppose 4 = l + 34. Let y = l + 80. Calculate the remainder when y is divided by 18.
14
Let o(v) = -v**2 + 12*v - 8. Let b be o(10). What is the remainder when b/30 - 258/(-5) is divided by 6?
4
Let y(m) = -5*m - 5. Let x be y(5). Let n = 109 - 67. Let c = n + x. Calculate the remainder when 32 is divided by c.
8
Let k(x) be the third derivative of -x**5/60 + 11*x**4/24 + 5*x**3/3 - 10*x**2. Calculate the remainder when 117 is divided by k(6).
37
Suppose 11 = -3*w + 5*w - 3*k, -4*w + 5*k + 19 = 0. What is the remainder when (98 + 0)/(3 - w) is divided by (50/4)/(3/6)?
24
Let s(h) = 4*h**2 - 9*h + 5. Let t(r) = 7*r**2 - 19*r + 10. Let o(i) = -5*s(i) + 3*t(i). What is the remainder when 14 is divided by o(12)?
4
Suppose 10 = 3628*g - 3626*g. Let b = -6 + 24. What is the remainder when b is divided by g?
3
Let t = 75 - 68. What is the remainder when (-8008)/(-98) + 2/t is divided by 21?
19
Suppose 0 = 5*z - 4*t - 379, -3*z = -0*z + 3*t - 249. Calculate the remainder when z is divided by 42.
37
Suppose p + 3 = -0*p - 4*o, -3*p - 4*o + 7 = 0. Suppose w + 3*j = -13 + 4, 0 = w + 2*j + p. Let y = w + 6. What is the remainder when 33 is divided by y?
6
Suppose -42*i = -47*i + 115. What is the remainder when i is divided by 12?
11
Let u be (31 + (-4)/1)*(2 - 1). Suppose 5*p - 4*n - 23 = u, 0 = -3*n. What is the remainder when 78 is divided by p?
8
Let h(n) = -n**3 + 9*n**2 + 12*n - 15. Let u be h(10). Let t = -2 + u. Suppose m - 5*m - 38 = -2*w, -t = -m. What is the remainder when 99 is divided by w?
24
Let p = 139 + -98. Suppose 5*c = j + 1010, -5*j + 629 = 3*c - j. Calculate the remainder when c is divided by p.
39
Calculate the remainder when ((-18)/4)/((-49)/1078) is divided by 27.
18
Let w = -20 - -25. Suppose 68 = 4*p + w*h, -3*h + 20 = 4*p - 40. What is the remainder when 23 is divided by p?
11
Calculate the remainder when ((-54)/45)/((2/(-55))/2) is divided by 11 - (1 + -3)/(-2).
6
Let v(y) = 23*y**3 - y**2 - 15*y + 16. Calculate the remainder when 79 is divided by v(1).
10
Suppose -5*v + 708 = -302. Suppose 3*s + 44 - 167 = 0. What is the remainder when v is divided by s?
38
Suppose 3*b - 14*v = -12*v + 180, 15 = -5*v. Calculate the remainder when 128 is divided by b.
12
Suppose r - 2*r = 3, -4*r + 618 = 3*s. Suppose 19*y - 4*y - s = 0. Calculate the remainder when 38 is divided by y.
10
Let s(n) = -63*n - 70. What is the remainder when 590 is divided by s(-3)?
114
Suppose -52 = -0*b - 4*b. Let w = b - 6. Let i = -4 - -17. Calculate the remainder when i is divided by w.
6
Suppose 75*g = 76*g + 316. What is the remainder when 177 is divided by ((-237)/g)/(0 - 1/(-12))?
6
Let h(o) = o**2 + o - 1. Let f be h(0). Let n(t) = -13*t - 3. What is the remainder when 23 is divided by n(f)?
3
Let q be -12*(4 + 48/(-9)). Let z = 32 - q. What is the remainder when z is divided by 5?
1
Let c(k) = k - 1. Let s(q) = q**2 + 13*q + 2. Let m(v) = 2*c(v) - s(v). Let o be m(-7). Suppose -o = -4*l + l. What is the remainder when 15 is divided by l?
7
Suppose -w - c + 5 = 0, -2*w - 1 = -w - c. Let f(p) = 3*p**3 + 2*p + 1. What is the remainder when f(w) is divided by 11?
7
Let n(z) = 7*z - 26. Let t be n(4). Suppose -j + s + 3 = 0, j - t*j + 4*s + 6 = 0. Let i = -12 - -17. What is the remainder when i is divided by j?
1
Suppose 4*m + 53 = -3*r + 2*r, -3*r = -2*m - 37. Let w(d) = 4*d**2 + 9*d - 2. Calculate the remainder when m/(-49) - 710/(-14) is divided by w(-4).
25
Let h be (-301)/(-2) - -5 - 1/(-2). Suppose -4*v = 2*p - h, 3*v - 58 - 304 = -5*p. Calculate the remainder when p is divided by 24.
22
Suppose -104 + 914 = 54*s. What is the remainder when 149 is divided by s?
14
Let y(c) = -c**3. Suppose -3*v - 4 = v. What is the remainder when 1 is divided by y(v)?
0
Let c be -2 + 4 + 7/((-35)/(-235)). Let v = 81 - 39. Suppose 4*q - c = -n + 147, -v = -q - 2*n. Calculate the remainder when q is divided by 13.
11
Let x = -212 + 293. Suppose 4*z + 2*d = 88, -4*z - d = -4*d - 78. What is the remainder when x is divided by z?
18
Let o = -38 - -12. What is the remainder when (13 + -5)*o/(-4) is divided by 27?
25
Suppose 3*o + 4*g - 148 = 0, 17 = 3*o - 4*g - 99. Calculate the remainder when o is divided by 15.
14
Let r(n) = -n**3 + 0*n - 9*n - 4 - 15*n**2 + 24*n. What is the remainder when 21 is divided by r(-16)?
9
Let p = 7 - 5. Suppose -p*f + 78 = -28. Suppose 10*a + 3*a = 351. Calculate the remainder when f is divided by a.
26
Let y(f) = -1. Let b(p) = 2*p + 3. Let w(m) = -3*b(m) - 6*y(m). What is the remainder when w(-3) is divided by 4?
3
Let j(a) = -a**3 - 6*a**2 - 4*a + 1. Let h(n) be the second derivative of 7*n**3/6 - n**2 + 16*n. What is the remainder when h(7) is divided by j(-6)?
22
Let o = 12 - -1. Let d(c) = 113*c + 17. Let z(m) = 75*m + 11. Let w(r) = -5*d(r) + 8*z(r). What is the remainder when w(1) is divided by o?
12
Let o(u) = 2*u**3 - 4*u**2 + 4*u + 2. Let g be o(2). Suppose -4*h + 42 = g. What is the remainder when 44 is divided by h?
4
Suppose 5*j - k = 72, -k + 4 + 14 = j. Calculate the remainder when 297 is divided by j.
12
Let r be 58/14 + 3/(-21). Suppose 0 = -r*a + 3*h + 8 + 34, 2*h - 14 = -2*a. What is the